er when i(l) is divided by 36.
33
Let k(j) = 4*j**2 + 41*j + 27. Suppose -4*u = 4*l - 64, 32 = 2*u - l - 2*l. What is the remainder when k(-11) is divided by u?
12
Calculate the remainder when 471 is divided by (-24)/(-5)*((-2002)/(-88) + -14).
9
Let o(m) = 22*m**2 - 4*m + 20. Let s be o(-5). Suppose -592*r + s*r = -32. Calculate the remainder when r is divided by 9.
7
Let v(a) = 5*a**2 - 30*a - 20. Let p be v(11). Suppose -65*i + p = -64*i. What is the remainder when i is divided by 7?
3
Let l = -32412 + 18748. What is the remainder when 143 is divided by 1/5 + l/(-280)?
45
Let u(m) = m**2 + 74*m - 68. What is the remainder when u(13) is divided by 134?
125
Let i(p) = p**3 + 5*p**2 + 19*p + 73. What is the remainder when 7018 is divided by i(-4)?
11
Suppose 30*t - 31*t - 2148 = -4*r, -8 = -2*t. Calculate the remainder when r is divided by 12.
10
Let m = 68017 - 67905. Suppose 0 = -2*s + 3*s - 441. Calculate the remainder when s is divided by m.
105
Suppose 0 = p - 3*d - 17, 19*d = 17*d - 6. Suppose -4*x = p*x - 144. Suppose 2*t + 4 = 3*t. What is the remainder when x is divided by t?
0
Let i = -91 + 90. Let k(w) = -63*w - 7. What is the remainder when k(i) is divided by 12?
8
What is the remainder when (-264)/(-55) - 4/(-20) - -999 is divided by 6?
2
Suppose -4*u + 0*u = 3*u - 19747. Calculate the remainder when u is divided by 113.
109
Suppose 5*m + 5*v - 18 = 42, 3*m - 4*v = 50. What is the remainder when m is divided by -20*(-1 + (-9)/(-15))?
6
What is the remainder when 1994 is divided by 456/(-34 + 58) - -1*1?
14
Let z = -245 + 269. Suppose 10*w = 12*w - 66. Let m = w - z. Calculate the remainder when 60 is divided by m.
6
Suppose -s = m, -4*m + 121*s - 123*s = -22. Let z be 8 - (2 + 0) - 2. Suppose z*w - 215 = -w. Calculate the remainder when w is divided by m.
10
Suppose 107706 = 169*g - 28677. Calculate the remainder when g is divided by 114.
9
Suppose -45 - 658 = -8*s - 11*s. Calculate the remainder when 246 is divided by s.
24
Let w = 53 + -122. Let i = -55 - w. Calculate the remainder when 108 is divided by (-12 + i)/(1/8).
12
Let g(o) = -o**3 - 77*o**2 - 22*o - 92. What is the remainder when g(-77) is divided by 67?
61
Let l(j) = 37*j - 3405. Calculate the remainder when 572 is divided by l(96).
131
Suppose 61 = 2*q - 0*q - 33. Calculate the remainder when 50 is divided by q.
3
Let k(u) = -2*u + 22. Let t(p) = -1. Let h(g) = k(g) - 3*t(g). Let j be h(13). Calculate the remainder when 19 is divided by 26*j/(-8) - (-3)/4.
3
Let g(a) = 2*a + 5. Let y = -41 - -50. Let j(z) = -z + 17. Calculate the remainder when g(y) is divided by j(12).
3
Let f = 2644 + 563. Calculate the remainder when f is divided by 17.
11
Suppose -2*k + 4 = 0, 3*z + 5*k = -0*k + 1690. Calculate the remainder when z is divided by 34.
16
Let x(s) = -2*s + 4. Let h = -27 - -23. What is the remainder when 95/(-3)*(-99)/165 is divided by x(h)?
7
Let n(d) = -d**3 - 43*d**2 + 134*d + 26. Let i = 92 + -35. Calculate the remainder when n(-46) is divided by i.
39
Suppose -47 = -10*z + 3. What is the remainder when -1 + 20/(-3)*-3 is divided by (-35)/(-5) + (z - (-3 + 3))?
7
Suppose -3*k = -10*s + 6*s + 354, 0 = 5*s - 3*k - 438. What is the remainder when 676 is divided by s?
4
Let u = 108 - -67. Let r(o) = u*o - 352*o + 178*o + 14 + 10. What is the remainder when 184 is divided by r(-7)?
14
Let o(y) = -7*y - 32. Calculate the remainder when (-84)/8*648/(-84) is divided by o(-7).
13
Let p(r) = -r**3 + 11*r**2 + 15*r - 4. Calculate the remainder when p(-2) is divided by 17.
1
Let o = 2226 + -2226. Let b(x) = -x**3 + 9*x**2 + 3*x - 9. Let i be b(7). Suppose o = -4*m + i + 10. What is the remainder when m is divided by 12?
6
Suppose -281*b + 284*b - 480 = 0. Suppose -b = -12*p + 4*p. What is the remainder when 118 is divided by p?
18
Let x(i) = -2*i**3 + 3*i**2 + 16*i + 28. What is the remainder when 345 is divided by x(4)?
9
Let y = -601 - -671. Suppose -487 = -17*m + 91. What is the remainder when y is divided by m?
2
Suppose 3*h + 7*z - 195 = 2*z, h + 3*z - 57 = 0. Calculate the remainder when 3145 is divided by h.
70
Suppose 14*u = 46 - 4. Suppose 22 = u*z - o, 3*z + 3*o = 2*o + 26. Calculate the remainder when (16 - 0) + -1 - 3 is divided by z.
4
Let i be (65/2)/(-1)*(-56)/20. Let q = 122 - i. Let g = 139 + -83. What is the remainder when g is divided by q?
25
Suppose 740 = 28*f + 96. Calculate the remainder when 919 is divided by f.
22
Let o be (-4)/(-14) + (28836/21)/(-18). What is the remainder when (-40)/(-5) - 13 - o is divided by 3?
2
Let w(k) = -2*k**2 - 111*k - 51. Let h be w(-55). Suppose n = 3*r + 20, -r = -5*r - h. Calculate the remainder when 167 is divided by n.
14
Let n(b) = 2*b**2 + 30*b - 24. What is the remainder when 286 is divided by n(7)?
2
Let q = 216 + 274. What is the remainder when q is divided by 123?
121
Suppose -m = -40 - 1. Suppose 194*p - 198*p = -3*n - 143, p - 26 = 4*n. What is the remainder when m is divided by p?
3
Suppose -3*r + 9 = -0*r. Let u = r - -11. Calculate the remainder when 23 is divided by u.
9
Let q = 0 + 26. Let l(y) = 6*y + 100. Let u be l(-14). Suppose -s + 48 = 4*g - 4*s, -u = -4*s. What is the remainder when q is divided by g?
11
Suppose -176*t + 167*t + 108 = 0. Suppose 12*q - 13*q = 2. Let f = q + t. What is the remainder when 26 is divided by f?
6
Suppose -21238 = -2*f - 15062. Calculate the remainder when f is divided by 206.
204
Let c(j) = j**2 - 7*j + 6. Suppose 5*q = -4*v + 281, 2*v + 2*v + 2*q - 278 = 0. Let p = -62 + v. Calculate the remainder when 17 is divided by c(p).
5
Let o(q) = 72*q**2 + 36*q - 307. Calculate the remainder when o(7) is divided by 22.
19
Let b(s) = -s**2 + 63*s - 496. Suppose -3*c + 314 = 95. What is the remainder when b(46) is divided by c?
67
Suppose 0 = -2*m + 30 + 36. Let f be (-6)/m - ((-559)/(-11) + 1). Let i = 91 + f. What is the remainder when i is divided by 11?
6
Let a = 2723 - 2145. Calculate the remainder when a is divided by 41.
4
Suppose 8*b - 5*b - 93 = -c, -2*b - c = -60. What is the remainder when (-2)/4 - 201/(-2) is divided by b?
1
Suppose 6*k - 79 = 3*k + 2*z, 4*k = z + 102. Suppose -5*s = 3*j - 4, -5*j + 3*s + 27 = -k. What is the remainder when (-17)/(-3)*5 - (-86)/129 is divided by j?
5
Let t(q) = q**2 + 3*q. Let f be t(-4). Suppose -o + 350 = 3*o + 5*r, -2*r = -f*o + 364. Let c = 210928 - 210897. Calculate the remainder when o is divided by c.
28
Suppose 0 = u + 2*h - 332, 3*u + 2*h + 309 = 1277. Calculate the remainder when u is divided by 289.
29
Let c = -24 - -45. Let t be (-3330)/c - (-4)/7. Let d = 271 + t. What is the remainder when d is divided by 38?
37
Suppose -6693 = -2*q - 3*s, 7*s = -2*q + 2100 + 4565. What is the remainder when q is divided by 670?
7
Suppose 0*o + o - 4*j = 32, -j = -3*o + 52. Let i be -2 - o*(-7)/2. Suppose 0 = 8*g - 9*g + i. What is the remainder when g is divided by 31?
23
Let c(d) = 9*d**2 - 182*d + 42. Calculate the remainder when 2830 is divided by c(21).
184
Suppose -296*p = -290*p - 726. Calculate the remainder when p is divided by 35.
16
Suppose -7832 = 26*x - 37994 - 32706. Calculate the remainder when x is divided by 20.
18
Suppose z = 3, 2*z - 56 = -y + 3*z. What is the remainder when y is divided by 19?
2
Let m be (-63)/(-54) + 2/(-12). Suppose -5*a + 3*v = -11, m = 2*a + 5*v + 9. What is the remainder when 6 is divided by (-9)/a*(-19)/57?
0
Suppose 15*m - 34176 = -49*m. Calculate the remainder when m is divided by 5.
4
Calculate the remainder when 451 is divided by (1 - -7) + (422*1 - (112 - 127)).
6
Let d = 527 - 526. What is the remainder when 9 is divided by ((-1 - -1) + d + 0)*8?
1
Let l = 368 - 367. Let t = 6 + 14. Calculate the remainder when t is divided by 25/(-30) + l - 34/(-12).
2
Let n = 1110 - 1099. What is the remainder when 2606 is divided by n?
10
Suppose -3*j = -5*f + 7*f - 66, 0 = 2*f + 8*j - 96. Calculate the remainder when 1167 is divided by f.
15
Let d = 2739 - 2726. What is the remainder when 1713 is divided by d?
10
Suppose -28 + 0 = -s. Let t be 62/5 + 2 + (-84)/35. Suppose -s*q = -30*q + t. What is the remainder when 21 is divided by q?
3
Let a = 930 - -412. Suppose a = 26*j - 15*j. Calculate the remainder when j is divided by 31.
29
Let h = 12745 + -12473. Calculate the remainder when 1131 is di